e factors of m.
2, 3
Let z = -92 - -92. Suppose 3*u - 146 - 97 = z. Let o = u - -40. What are the prime factors of o?
11
Suppose 1523137 = 15*o + 473587. What are the prime factors of o?
2, 5, 6997
Suppose 0 = -75*t + 740429 + 237571. What are the prime factors of t?
2, 5, 163
Suppose 4*r + 0*u = -3*u - 12, 4*r = -5*u - 4. Let o(f) = -4*f**3 - 7*f**2 + 6*f + 5. List the prime factors of o(r).
7, 83
Let d(q) = -4*q**3 + 22*q**2 - 17*q + 77. Let m(h) = -3*h**3 + 22*h**2 - 17*h + 76. Let j(c) = 4*d(c) - 5*m(c). List the prime factors of j(-23).
2, 3, 11
Let a(h) = h**3 - 95*h**2 + 3*h + 167. What are the prime factors of a(98)?
73, 401
Let w(x) = 2248*x + 52. What are the prime factors of w(8)?
2, 3, 167
Let d(x) = 3 - 5*x - 3*x**2 - 126*x**3 - 104*x**3 - 9*x**3. What are the prime factors of d(-2)?
1913
Let w(q) = q**3 - 14*q**2 + 3*q + 10. Let k be w(14). Let n = -33 + k. Let c(v) = -v**3 + 19*v**2 + 15*v - 29. List the prime factors of c(n).
2
Let n be (-12678)/(-5) - 18/(-45). Suppose 0 = -9*r + 5*r + n. List the prime factors of r.
2, 317
List the prime factors of (-84)/(-56)*(-49372)/(-6).
12343
Let x(q) = -q**2 + 5*q - 2. Suppose -6*g = -22 + 4. Let s be x(g). Suppose 0 = 3*n + 5*o - 54, -106 = -5*n + o - s*o. What are the prime factors of n?
23
Suppose 6*q + 3*q = 180. Suppose 0 = q*g - 8*g - 6084. List the prime factors of g.
3, 13
Let s(v) = -74*v + 138. Let f(l) = -2*l**3 - 40*l**2 + 41*l - 32. Let w be f(-21). What are the prime factors of s(w)?
2, 7, 17
Suppose 1238889 + 1660917 = 273*x. What are the prime factors of x?
2, 47, 113
Suppose 4*z = 34 - 2. Suppose -1753 = -z*g + 3223. List the prime factors of g.
2, 311
Suppose 551 = -3*z + 4*g - 78, 1071 = -5*z + g. Let s be 6/(-3)*9/((-18)/314). Let t = s + z. List the prime factors of t.
3, 11
Let u = 8434 + -5865. What are the prime factors of u?
7, 367
Let y(n) = -15*n - 23. Let v(f) = -f**2 + 7*f - 27. Let x be v(6). List the prime factors of y(x).
2, 73
Suppose -204560 = -3*t - 2*z, 10*z - 15*z - 341000 = -5*t. List the prime factors of t.
2, 2131
Let r = -224 - -239. Suppose 0 = 7*m - 90 - r. What are the prime factors of m?
3, 5
Suppose -109*i - 1715 + 101503 = -126714. List the prime factors of i.
2, 1039
Suppose -32*w + 67*w = 282380. What are the prime factors of w?
2, 2017
Suppose 260*a - 1092 = 267*a. Let i = 185 - a. What are the prime factors of i?
11, 31
Let w = -28 - -43. Suppose 0 = q + 2*u + 8, -5*q + 4*u + w = -1. Suppose -3*c - 5*v = -0*v - 291, q = 2*c + 4*v - 196. List the prime factors of c.
2, 23
What are the prime factors of (11418/21)/((-66)/(-1386))?
2, 3, 11, 173
Let t(j) = -3*j + 60. Suppose -o = -4*y + 75, 34 = 3*y - o - 22. Let b be t(y). Suppose 3*r + 3*z - 147 = 0, -b*r + 5*z + 222 = 51. List the prime factors of r.
2, 13
Let x = 84 - 80. Suppose -x*w = -3*c + 2*c + 16, -2*w + 5*c = 26. List the prime factors of (-2)/(-6) + (467/3 - w).
3, 53
Let t(d) = 49*d**3 - 4*d**2 + 14*d - 77. List the prime factors of t(4).
3, 113
Let c(j) be the second derivative of j**5/20 + 11*j**4/12 - 5*j**3 + 5*j**2/2 + 10*j. Suppose -2*x = 2*x + 2*g + 42, 2*g = 10. List the prime factors of c(x).
3, 19
Suppose 1060 = 46*f - 13*f + 20*f. List the prime factors of f.
2, 5
Let c = 303 - 303. Suppose -9*q + 7456 - 1408 = c. What are the prime factors of q?
2, 3, 7
What are the prime factors of ((-12159)/(-6))/(12*(-2)/(-48))?
3, 7, 193
Suppose -z - 2*y = -15579, 11*z - 15*y + 20*y = 171403. List the prime factors of z.
15583
Let q(b) = -b**3 + 9*b**2 + 7*b + 13. Let y be q(12). Let u = y + 658. What are the prime factors of u?
17, 19
Let t = 482 + -479. Suppose 3*l - t*h = 843, 5*h = -2*l + 605 - 15. List the prime factors of l.
3, 5, 19
Let b = -18772 - -26660. List the prime factors of b.
2, 17, 29
Suppose 7 = -5*s - 8. Let x(q) = -4*q - 73. Let c(u) = 2*u + 36. Let f(v) = 13*c(v) + 6*x(v). List the prime factors of f(s).
2, 3
Let k(t) = -t**3 + 8*t**2 + 2*t - 1. Let o = -22 + 30. Let w be k(o). Let a = 59 - w. What are the prime factors of a?
2, 11
Suppose 0 = -17*d - 37029 + 147223. What are the prime factors of d?
2, 7, 463
Let f(q) = -q - 7. Let a(p) = p + 6. Let t(s) = 4*a(s) + 5*f(s). Let o be t(-8). What are the prime factors of (o + -1)*(1 + -2 + -34)?
2, 5, 7
Let x = -2645 + 3791. Suppose 2*o - 1158 = -2*o - 3*z, x = 4*o - 3*z. Suppose 5*y - o = y. List the prime factors of y.
2, 3
Suppose -14*t + 6859 + 2537 = 15*t. List the prime factors of t.
2, 3
Let t = -76 + 74. Let g be 3/t*(12 + -174). Let x = 521 - g. What are the prime factors of x?
2, 139
Suppose -3*c + 4 = -0*c - 2*d, c - 2*d + 4 = 0. Suppose -k + 6*t - 4*t = -544, c*t = -16. List the prime factors of k.
2, 67
Suppose 3*w + 5*b = 1, -2*w - 5 = -6*w - 3*b. Suppose q = -w*q + 3603. What are the prime factors of q?
1201
Suppose -3*b = b - s - 8, -4*b - 4*s + 28 = 0. Let o be (b + -6 - -2) + 1 + -424. List the prime factors of (36/(-15))/6 - o/10.
2, 3, 7
Let s(r) = r**2 + r - 3. Let m be s(-5). Let l = -17 + m. Suppose l*y = -a + 3*y + 14, 4*a + 4*y = 56. What are the prime factors of a?
2, 7
Suppose -3*c - 3*b + 960 = 0, -3*c + 290 = 4*b - 675. Suppose 28*u - c = 25*u. List the prime factors of u.
3, 5, 7
Let k = 7251 + -2979. List the prime factors of k.
2, 3, 89
Suppose 0 = -4*y + 5*n + 156, n = -y - 4*y + 195. Suppose 5*z = -4*v + 206, 2*z - 57 = -5*v + y. Suppose 2*i = z + 36. List the prime factors of i.
37
Let f = 9845 + 3232. What are the prime factors of f?
3, 1453
Let x be 24*(-1)/(-2) + -2. Suppose -6*b = -x*b + 8. Suppose h + 3*r = -b*h + 174, -3*r = -2*h + 111. What are the prime factors of h?
3, 19
Let p(j) = -181*j - 450. Let o be p(-3). Let g(v) = 46*v**2 - 2*v + 3. Let l be g(2). Let c = l - o. List the prime factors of c.
2, 3, 5
Let l be (-2)/(-5) - (-496)/(-40). List the prime factors of (483/2)/(l/(-8) - 1).
3, 7, 23
Let t = -29047 + 46989. List the prime factors of t.
2, 8971
Let d be (-130)/2 + -5 + 2. Let z = 69 + d. List the prime factors of (-20)/(-20)*z*7.
7
Let j = -4799 - -31063. What are the prime factors of j?
2, 7, 67
List the prime factors of 2419878/323 + 0 + (-2)/(-17).
2, 1873
What are the prime factors of (-16 - -14)*((-1)/(-3))/((-6)/89361)?
9929
Suppose 588 = 2*w - 5*w. Let f be (22/(-44))/(2/w). Suppose f = 3*v - 71. What are the prime factors of v?
2, 5
Let h be 0/(-3 - 0 - -2). Suppose -23*s + 28*s - 390 = h. Suppose l - s = -48. What are the prime factors of l?
2, 3, 5
Let r = -9664 + 21605. What are the prime factors of r?
11941
Suppose 5*s - 6*s - 629 = 0. Let y = s + 676. What are the prime factors of y?
47
Let a = 13546 - -19045. List the prime factors of a.
13, 23, 109
Let v = 467 + 105. What are the prime factors of (28 - 20) + (v - -3)?
11, 53
Let r be (-1 + 45/25)/((-2)/(-1745)). Suppose 6*v - 2*v - r = -2*x, -3*x + 1067 = v. List the prime factors of x.
3, 7, 17
Let y(d) = -5059*d - 2122. What are the prime factors of y(-5)?
23173
Suppose -3*x + 96684 = -3*d, 13*d - 128912 = -4*x + 9*d. What are the prime factors of x?
2, 7, 1151
Suppose -11 = w - 2*n, -5*w = -0*n + 5*n - 5. What are the prime factors of (w/(-7 - -1))/((-7)/(-4200))?
2, 3, 5
Let p be (-6)/(-33) - 23844/(-22). Let d be (-1 - 0)*p/4. Let r = d - -389. List the prime factors of r.
2, 59
Let s(c) be the third derivative of c**6/120 + 13*c**5/60 + 11*c**4/24 - c**3 - 7*c**2 - 2*c. List the prime factors of s(-9).
3, 73
Suppose 0*s = 42*s - 80766. Suppose -2*n = -4*t - 2232, -1450 - s = -3*n + t. What are the prime factors of n?
2, 563
Let t = -10385 + 21440. List the prime factors of t.
3, 5, 11, 67
List the prime factors of (1/6)/(71/(-3763497))*2*-2.
2, 17669
Suppose 5*p + 17 - 34 = -2*g, 4*g = -16. Suppose 0*u - 2*u + 3398 = p*j, 0 = 2*j + u - 1359. List the prime factors of j.
2, 5, 17
Let k(c) = 25*c - 93. Let r(i) = -2*i**3 + 11*i**2 - 5*i + 6. Let j be r(5). What are the prime factors of k(j)?
3, 19
Suppose 47*z = 54*z. Suppose z = -2*i - 43*i + 18990. List the prime factors of i.
2, 211
Let i(t) = 17*t**2 + 39*t + 57. What are the prime factors of i(14)?
5, 787
Suppose -6*d + 3*d - 2*q + 519 = 0, 0 = 2*d + q - 346. Suppose -175*m = -d*m - 3788. What are the prime factors of m?
2, 947
What are the prime factors of (160/(-128)*(-14)/(-10))/(1/(-4348))?
7, 1087
Let q(l) = l**3 + 11*l*